me factors of (27/c)/(2/12).
3
Suppose 17*i = 18*i. Suppose 4*d + d = i. Suppose 0 = -6*p - d*p + 420. List the prime factors of p.
2, 5, 7
Suppose -368 = -15*g + 292. List the prime factors of g.
2, 11
Suppose -7926 - 55764 = -33*i. What are the prime factors of i?
2, 5, 193
Suppose -k + 3 = -4*a, 2*k - 6*a - 2 = -2*a. Let h(w) = -6*w - 26 - 12 + 38. What are the prime factors of h(k)?
2, 3
Let g(x) = x**3 - 7*x**2 + 5*x + 7. Let j be g(6). Let s(b) = -b**2 + b - 1. Let t be s(j). List the prime factors of 76/(3 - t) + 2.
3, 7
Let t = -19 + 21. Suppose 46 = 5*r + k - 92, 0 = -t*r + 3*k + 45. What are the prime factors of r?
3
Let b = 501 - 74. List the prime factors of b.
7, 61
Let h(z) = 12*z**2 + 18*z - 11. What are the prime factors of h(-6)?
313
Let l(t) = t**3 - 7*t**2 - t + 8. Let k be l(7). List the prime factors of 10*85/10*k.
5, 17
Suppose 0 = 18*j - 21*j + 243. What are the prime factors of j?
3
Let a(b) = -94*b + 24. What are the prime factors of a(-2)?
2, 53
Let q = 18 + 12. Let k(i) = i**3 - 3*i**2 + 5*i + 2. Let w be k(4). Suppose 4*o - q = w. What are the prime factors of o?
17
Let w(i) = i - 5. Suppose -5*a + 10 = -20. Let c be 7 + -3*(-2)/a. List the prime factors of w(c).
3
Let f(x) = -61*x + 2. What are the prime factors of f(-1)?
3, 7
Let p = 22 + 118. List the prime factors of p.
2, 5, 7
Let q(h) = -168*h - 52. List the prime factors of q(-7).
2, 281
List the prime factors of 65*(36 - (8 + -4)).
2, 5, 13
Suppose 6*o - 153 = 3*o. Suppose 165 - o = 2*q. What are the prime factors of q?
3, 19
Suppose -528 = -17*z + 9*z. Suppose -219 + z = -r + 5*c, 4*r = -2*c + 546. List the prime factors of r.
2, 3, 23
Let w be (3 - 3)/(4 + 0). List the prime factors of (-9)/(-18) + (w - (-417)/2).
11, 19
Let x = 1885 - 1181. What are the prime factors of x?
2, 11
Let x(v) = v**3 + 24*v**2 + 40*v - 41. What are the prime factors of x(-22)?
47
Let m(f) = f**3 - 12*f**2 - 2*f - 6. Let x be m(12). Let r be (-494)/(-10) - (-12)/x. Let h = -3 + r. List the prime factors of h.
2, 23
Let z(a) = a**3 - 3*a**2 - 5*a + 6. Let j be z(4). Suppose 0 = j*x - 28. What are the prime factors of x?
2, 7
Suppose 0 = 8*y - 612 - 12. Let s = 153 - y. What are the prime factors of s?
3, 5
Suppose 5 = -4*d - d. Let w = -6 + d. Let h(b) = b**3 + 7*b**2 + 3. List the prime factors of h(w).
3
Let n be -5 + 6/3 + -4. Let s = -4 - n. Suppose -40 = -s*d + 8. List the prime factors of d.
2
Let w(f) = -15*f**2 + 6*f**2 - f**3 - 9*f**2 - 19 - 20*f. What are the prime factors of w(-17)?
2
Suppose 9*m = 13*m + b - 1181, -m + 289 = -b. What are the prime factors of m?
2, 3, 7
Let z = -308 - -770. Suppose 0 = 2*j - 13*j + z. What are the prime factors of j?
2, 3, 7
Let w(d) = d**3 + 5*d**2 - 8*d - 9. Let o be w(-6). Suppose 0 = 3*g - 4*g + o. Suppose -44 = y - 5*y + 2*j, -3*j + 15 = g*y. List the prime factors of y.
3
Let g = -79 + 81. Suppose -10*f + 104 = -g*f. What are the prime factors of f?
13
Let o be (-28)/6 + 6/9. Let c(t) = 4*t**2 - 11*t + 6. List the prime factors of c(o).
2, 3, 19
Let n be 0/(-2) + -51*2/(-6). Suppose n*z - 22*z + 1370 = 0. What are the prime factors of z?
2, 137
Suppose 106 + 20 = -2*o. Let y = o + 12. Let p = -26 - y. List the prime factors of p.
5
Suppose 4*o = -4*i - 20, o - 2*o = -2. Let l = -7 - i. Suppose -w + 5*w - 188 = l. List the prime factors of w.
47
What are the prime factors of 28/1*(48/(-14))/(-12)?
2
Let d = -317 - -3205. List the prime factors of d.
2, 19
Suppose 0 = m + m - u + 25, u + 25 = -3*m. Let p = 8 + m. What are the prime factors of (-119)/p - 2/4?
59
Suppose -5 = 2*i - 29. What are the prime factors of i?
2, 3
Let y = 62 - -1069. What are the prime factors of y?
3, 13, 29
Let d = 128 + -131. Let k(l) = -10*l**3 - 4*l**2 - 3*l + 3. What are the prime factors of k(d)?
2, 3, 41
Let w = 314 + 663. List the prime factors of w.
977
Let q(d) = 169*d**2 + 2*d + 5. List the prime factors of q(-3).
2, 5, 19
Let c = 453 - -175. List the prime factors of c.
2, 157
Suppose 540 = -17*j + 27*j. List the prime factors of j.
2, 3
Let l = -25 - -73. Let b = l + -33. List the prime factors of b.
3, 5
Suppose -3*k = -k - 10. Let o(h) = -105*h - 32. Let p be o(-1). Suppose k*b - 147 = p. List the prime factors of b.
2, 11
Let h = 3459 - 1904. List the prime factors of h.
5, 311
Let b = -8 + 7. What are the prime factors of (b - 7)*38/(-4)?
2, 19
Let k be 3/((-6)/2) - -4. Let i(o) = -3*o - 4*o**2 + 8*o - 4 - 2*o**3 + k*o**3. What are the prime factors of i(4)?
2
Suppose 4*o - 2*d = 1630, 3*d + 2588 - 552 = 5*o. List the prime factors of o.
409
Let q be (16/140*7)/((-4)/(-1730)). Let l = q + -169. List the prime factors of l.
3, 59
Let p(b) = -b**3 + 8*b**2 + 5*b + 1. Let w be p(5). Suppose -493 = -4*s - w. What are the prime factors of s?
2, 7
Let d be ((-13)/3)/(1/27). Let c = 48 - d. Suppose -2*n - 18 = -a + 15, n = -5*a + c. What are the prime factors of a?
3, 11
Suppose -s = m - 2167, -10*m + 5*s = -8*m - 4327. List the prime factors of m.
2, 3, 19
Let r = -16 - -20. Suppose 0 = -r*u - 2*u + 30. Suppose u*l - 125 = 65. What are the prime factors of l?
2, 19
Suppose -2*d - 4*u = -3984, 2*d - 6*u = -u + 3948. What are the prime factors of d?
2, 31
Suppose a - 2 = -1. Let v be (9/2)/(a/(-2)). Let i(k) = -3*k - 11. List the prime factors of i(v).
2
Suppose 5*x + 315 - 1470 = 0. Let w = 389 - x. List the prime factors of w.
2, 79
List the prime factors of 14/(-21) + 14651/21.
17, 41
Suppose -3 = l, l - 3252 = 5*j - 10*j. List the prime factors of j.
3, 7, 31
Suppose 0 = -b + 263 + 38. Suppose -254*t + 253*t + b = 0. List the prime factors of t.
7, 43
Let t be (1/(-2))/((-4)/2664). Suppose 0 = -9*z + 6*z + t. List the prime factors of z.
3, 37
Let z be ((-69)/2)/(4 - 76/16). Let b = z - 25. What are the prime factors of b?
3, 7
Let t(w) = -w**3 + 3*w**2 - 5*w + 14. List the prime factors of t(-8).
2, 379
Let j(p) = -p**3 - p - 1. Let y(t) = 3*t**3 - 6*t - 7. Let m(k) = 6*j(k) - y(k). Let x be m(-1). Suppose -31 = -h - x. List the prime factors of h.
3, 7
What are the prime factors of (-31773)/(-18) - ((-245)/(-30) - 8)?
5, 353
Let t = 22 - 20. Suppose -4*u - 1052 = 2*z, 3*z - 33 + 1596 = -3*u. List the prime factors of t/((-3)/(z/8)).
43
Let v(o) = -4 - 23*o + 0 + 15. Let z be v(-5). Suppose -z = r - 4*r + 2*c, 0 = -3*r + c + 126. What are the prime factors of r?
2, 3, 7
Let y = 166 - -65. List the prime factors of y.
3, 7, 11
Let c be ((-4)/(-3))/((-8)/(-84)). Suppose n = c - 12. Let m(t) = 19*t - 2. List the prime factors of m(n).
2, 3
Let q(v) = -v**3 - 19*v**2 - 13*v + 47. List the prime factors of q(-19).
2, 3, 7
Let x be (-2)/3 + (-34)/3. What are the prime factors of x/(-6) + 63 + 2?
67
Let h(q) = q**3 - 7*q**2 - 8*q + 3. Let g be h(8). Suppose 0 = 3*k - 6, 2*k + g*k = -5*r + 130. What are the prime factors of r?
2, 3
Let x = -641 - -1397. What are the prime factors of x?
2, 3, 7
Let p = -25 + 56. Let x = 32 - p. List the prime factors of -2*((-123)/6)/x.
41
Let f = -10 + 21. Let y = 48 + f. List the prime factors of y.
59
Let c(p) = -p**2 - 7*p + 6. Let h be c(-10). What are the prime factors of (0 - -2) + (-6)/h*0?
2
Let v = -1158 - -1621. What are the prime factors of v?
463
Let a(h) = 98*h**3 - 99*h**3 + 10*h + 3 - 1 - 6*h**2. List the prime factors of a(-8).
2, 5
Let k be 1/(((-9)/21)/3). Let b be 616/(-16)*12/k. Suppose 0*w + b = 3*w. List the prime factors of w.
2, 11
Suppose 0 = -5*n + 9 + 111. Suppose 0 + n = 3*t. Let x = t - 5. What are the prime factors of x?
3
Let u = -84 - -195. Let q = 358 - u. List the prime factors of q.
13, 19
Let w = -412 + 854. What are the prime factors of w?
2, 13, 17
Let g = -17 + 23. Let d = g + -6. Suppose -4*h + 76 + 76 = d. What are the prime factors of h?
2, 19
Let g(o) = 4*o**2 - 76*o + 44. What are the prime factors of g(20)?
2, 31
Suppose 2774 = 3*o - 2*s, -5*o + 12*s - 14*s = -4618. List the prime factors of o.
2, 3, 7, 11
Let i(f) = f + 7. Let k be i(6). Let g(s) = s + 3. Let z be g(0). List the prime factors of (k - z)/(-2)*-3.
3, 5
Suppose -5*t = 2*m + 3*m + 155, 5*m - 90 = 2*t. List the prime factors of ((-176)/(-10))/((-14)/t).
2, 11
Let j = -18 + 20. Suppose 7*z + j*n = 2*z + 304, 47 = z + 5*n. Suppose 4*c - 10 = z. What are the prime factors of c?
2, 3
Suppose 101 = -27*q + 398.